{"id":6,"date":"2025-12-09T16:56:04","date_gmt":"2025-12-09T19:56:04","guid":{"rendered":"https:\/\/andreiaoliveiraproducoes.com.br\/?page_id=6"},"modified":"2025-12-30T12:38:56","modified_gmt":"2025-12-30T15:38:56","slug":"inicio","status":"publish","type":"page","link":"https:\/\/andreiaoliveiraproducoes.com.br\/","title":{"rendered":"Inicio"},"content":{"rendered":"\t\t<div data-elementor-type=\"wp-page\" data-elementor-id=\"6\" class=\"elementor elementor-6\">\n\t\t\t\t<div class=\"elementor-element elementor-element-0121dde e-flex e-con-boxed e-con e-parent\" data-id=\"0121dde\" data-element_type=\"container\" data-settings=\"{&quot;background_background&quot;:&quot;classic&quot;}\">\n\t\t\t\t\t<div class=\"e-con-inner\">\n\t\t\t\t<div class=\"elementor-element elementor-element-fb759b3 elementor-widget__width-initial elementor-widget-mobile__width-initial elementor-widget elementor-widget-heading\" data-id=\"fb759b3\" data-element_type=\"widget\" data-widget_type=\"heading.default\">\n\t\t\t\t\t<h2 class=\"elementor-heading-title elementor-size-default\">Escute o ultimo Lan\u00e7amento<\/h2>\t\t\t\t<\/div>\n\t\t\t\t<div class=\"elementor-element elementor-element-a6c539b elementor-widget elementor-widget-html\" data-id=\"a6c539b\" data-element_type=\"widget\" data-widget_type=\"html.default\">\n\t\t\t\t\t<audio controls>\r\n  <source src=\"https:\/\/andreiaoliveiraproducoes.com.br\/wp-content\/uploads\/2025\/12\/fogo-que-me-incendeia.mp3\">\r\n  Seu navegador n\u00e3o suporta \u00e1udio.\r\n<\/audio>\t\t\t\t<\/div>\n\t\t\t\t\t<\/div>\n\t\t\t\t<\/div>\n\t\t<div class=\"elementor-element elementor-element-9351038 e-flex e-con-boxed e-con e-parent\" data-id=\"9351038\" data-element_type=\"container\" data-settings=\"{&quot;background_background&quot;:&quot;gradient&quot;}\">\n\t\t\t\t\t<div class=\"e-con-inner\">\n\t\t\t\t<div class=\"elementor-element elementor-element-b08fcbc elementor-widget elementor-widget-text-editor\" data-id=\"b08fcbc\" data-element_type=\"widget\" data-widget_type=\"text-editor.default\">\n\t\t\t\t\t\t\t\t\t<p><!-- Se\u00e7\u00e3o de destaque --><\/p>\n\n<p>  <!-- T\u00edtulo principal --><\/p>\n<p style=\"font-size: 28px; color: #1DB954; font-weight: bold; text-align: center; margin-bottom: 25px;\">\n    <span style=\"font-size: 32px;\"><i>Se voc\u00ea \u00e9 cantor<\/i><\/span>, m\u00fasico, produtor ou criador de conte\u00fado, minhas m\u00fasicas autorais podem ser usadas de forma legal e autorizada em seus projetos.\n  <\/p>\n<p>  <!-- Subt\u00edtulo m\u00e9dio --><\/p>\n<p style=\"font-size: 22px; color: #FFC857; font-weight: 600; text-align: center; margin-bottom: 20px;\">\n    Ofere\u00e7o licen\u00e7as comerciais que permitem:\n  <\/p>\n<p>  <!-- Lista com \u00edcones e destaques --><\/p>\n<ul style=\"list-style-type: none; padding: 0; text-align: left; max-width: 600px; margin: auto; font-size: 18px; color: #b3b3b3;\">\n<li style=\"margin-bottom: 10px; color: #FF0000; font-size: 20px;\">\n      <img decoding=\"async\" draggable=\"false\" role=\"img\" class=\"emoji\" alt=\"\ud83c\udfa4\" src=\"https:\/\/s.w.org\/images\/core\/emoji\/17.0.2\/svg\/1f3a4.svg\">&nbsp; Grava\u00e7\u00e3o e interpreta\u00e7\u00e3o vocal\n    <\/li>\n<li style=\"margin-bottom: 10px; color: #FF0000; font-size: 20px;\">\n      <img decoding=\"async\" draggable=\"false\" role=\"img\" class=\"emoji\" alt=\"\ud83c\udfac\" src=\"https:\/\/s.w.org\/images\/core\/emoji\/17.0.2\/svg\/1f3ac.svg\">&nbsp; Produ\u00e7\u00e3o de v\u00eddeos, podcasts ou comerciais\n    <\/li>\n<li style=\"margin-bottom: 10px; color: #FF0000; font-size: 20px;\">\n      <img decoding=\"async\" draggable=\"false\" role=\"img\" class=\"emoji\" alt=\"\ud83c\udf10\" src=\"https:\/\/s.w.org\/images\/core\/emoji\/17.0.2\/svg\/1f310.svg\">&nbsp; Distribui\u00e7\u00e3o em plataformas digitais\n    <\/li>\n<\/ul>\n<p>  <!-- Chamada final --><\/p>\n<p style=\"font-size: 24px; color: #E6C75A; font-weight: bold; text-align: center; margin-top: 30px;\">\n    <img decoding=\"async\" draggable=\"false\" role=\"img\" class=\"emoji\" alt=\"\ud83d\udca1\" src=\"https:\/\/s.w.org\/images\/core\/emoji\/17.0.2\/svg\/1f4a1.svg\"> Quer transformar minhas m\u00fasicas em seu pr\u00f3ximo sucesso?\n  <\/p>\n<p style=\"font-size: 18px; color: #ffffff; text-align: center; margin-top: 10px;\">\n    Entre em contato e adquira sua licen\u00e7a exclusiva ou n\u00e3o exclusiva hoje mesmo!\n  <\/p>\n<\/div>\t\t\t\t\t\t\t\t<\/div>\n\t\t\t\t\t<\/div>\n\t\t\t\t<\/div>\n\t\t\t\t<\/div>\n\t\t","protected":false},"excerpt":{"rendered":"<p>Escute o ultimo Lan\u00e7amento Seu navegador n\u00e3o suporta \u00e1udio. Se voc\u00ea \u00e9 cantor, m\u00fasico, produtor ou criador de conte\u00fado, minhas m\u00fasicas autorais podem ser usadas de forma legal e autorizada em seus projetos. Ofere\u00e7o licen\u00e7as comerciais que permitem: &nbsp; Grava\u00e7\u00e3o e interpreta\u00e7\u00e3o vocal &nbsp; Produ\u00e7\u00e3o de v\u00eddeos, podcasts ou comerciais &nbsp; Distribui\u00e7\u00e3o em plataformas digitais [&hellip;]<\/p>\n","protected":false},"author":1,"featured_media":0,"parent":0,"menu_order":0,"comment_status":"closed","ping_status":"closed","template":"elementor_header_footer","meta":{"footnotes":""},"class_list":["post-6","page","type-page","status-publish","hentry","wpbf-post"],"_links":{"self":[{"href":"https:\/\/andreiaoliveiraproducoes.com.br\/index.php?rest_route=\/wp\/v2\/pages\/6","targetHints":{"allow":["GET"]}}],"collection":[{"href":"https:\/\/andreiaoliveiraproducoes.com.br\/index.php?rest_route=\/wp\/v2\/pages"}],"about":[{"href":"https:\/\/andreiaoliveiraproducoes.com.br\/index.php?rest_route=\/wp\/v2\/types\/page"}],"author":[{"embeddable":true,"href":"https:\/\/andreiaoliveiraproducoes.com.br\/index.php?rest_route=\/wp\/v2\/users\/1"}],"replies":[{"embeddable":true,"href":"https:\/\/andreiaoliveiraproducoes.com.br\/index.php?rest_route=%2Fwp%2Fv2%2Fcomments&post=6"}],"version-history":[{"count":64,"href":"https:\/\/andreiaoliveiraproducoes.com.br\/index.php?rest_route=\/wp\/v2\/pages\/6\/revisions"}],"predecessor-version":[{"id":363,"href":"https:\/\/andreiaoliveiraproducoes.com.br\/index.php?rest_route=\/wp\/v2\/pages\/6\/revisions\/363"}],"wp:attachment":[{"href":"https:\/\/andreiaoliveiraproducoes.com.br\/index.php?rest_route=%2Fwp%2Fv2%2Fmedia&parent=6"}],"curies":[{"name":"wp","href":"https:\/\/api.w.org\/{rel}","templated":true}]}}